[INFO] cloning repository https://github.com/TheWhiteShadow4/freen
[INFO] running `Command { std: "git" "-c" "credential.helper=" "-c" "credential.helper=/workspace/cargo-home/bin/git-credential-null" "clone" "--bare" "https://github.com/TheWhiteShadow4/freen" "/workspace/cache/git-repos/https%3A%2F%2Fgithub.com%2FTheWhiteShadow4%2Ffreen", kill_on_drop: false }`
[INFO] [stderr] Cloning into bare repository '/workspace/cache/git-repos/https%3A%2F%2Fgithub.com%2FTheWhiteShadow4%2Ffreen'...
[INFO] running `Command { std: "git" "rev-parse" "HEAD", kill_on_drop: false }`
[INFO] [stdout] c721ad1b21af0f049a9b8e9f70c96e2773eb0f4e
[INFO] checking TheWhiteShadow4/freen against master#e6e4f7ed1589e03bc2f6c5931c1a72e7947e8682 for beta-170-4
[INFO] running `Command { std: "git" "clone" "/workspace/cache/git-repos/https%3A%2F%2Fgithub.com%2FTheWhiteShadow4%2Ffreen" "/workspace/builds/worker-7-tc2/source", kill_on_drop: false }`
[INFO] [stderr] Cloning into '/workspace/builds/worker-7-tc2/source'...
[INFO] [stderr] done.
[INFO] validating manifest of git repo https://github.com/TheWhiteShadow4/freen on toolchain e6e4f7ed1589e03bc2f6c5931c1a72e7947e8682
[INFO] running `Command { std: CARGO_HOME="/workspace/cargo-home" RUSTUP_HOME="/workspace/rustup-home" "/workspace/cargo-home/bin/cargo" "+e6e4f7ed1589e03bc2f6c5931c1a72e7947e8682" "metadata" "--manifest-path" "Cargo.toml" "--no-deps", kill_on_drop: false }`
[INFO] started tweaking git repo https://github.com/TheWhiteShadow4/freen
[INFO] finished tweaking git repo https://github.com/TheWhiteShadow4/freen
[INFO] tweaked toml for git repo https://github.com/TheWhiteShadow4/freen written to /workspace/builds/worker-7-tc2/source/Cargo.toml
[INFO] crate git repo https://github.com/TheWhiteShadow4/freen already has a lockfile, it will not be regenerated
[INFO] running `Command { std: CARGO_HOME="/workspace/cargo-home" RUSTUP_HOME="/workspace/rustup-home" "/workspace/cargo-home/bin/cargo" "+e6e4f7ed1589e03bc2f6c5931c1a72e7947e8682" "fetch" "--manifest-path" "Cargo.toml", kill_on_drop: false }`
[INFO] running `Command { std: "docker" "create" "-v" "/var/lib/crater-agent-workspace/builds/worker-7-tc2/target:/opt/rustwide/target:rw,Z" "-v" "/var/lib/crater-agent-workspace/builds/worker-7-tc2/source:/opt/rustwide/workdir:ro,Z" "-v" "/var/lib/crater-agent-workspace/cargo-home:/opt/rustwide/cargo-home:ro,Z" "-v" "/var/lib/crater-agent-workspace/rustup-home:/opt/rustwide/rustup-home:ro,Z" "-e" "SOURCE_DIR=/opt/rustwide/workdir" "-e" "CARGO_TARGET_DIR=/opt/rustwide/target" "-e" "CARGO_HOME=/opt/rustwide/cargo-home" "-e" "RUSTUP_HOME=/opt/rustwide/rustup-home" "-w" "/opt/rustwide/workdir" "-m" "1610612736" "--user" "0:0" "--network" "none" "ghcr.io/rust-lang/crates-build-env/linux@sha256:19e73879b68f455e41552ea35293514db52ea292d993f571636dbffedb77a1ee" "/opt/rustwide/cargo-home/bin/cargo" "+e6e4f7ed1589e03bc2f6c5931c1a72e7947e8682" "metadata" "--no-deps" "--format-version=1", kill_on_drop: false }`
[INFO] [stdout] fe9430d07eab36d9e8dd14aaf6415b698a6a14c6f2ae7952e69cc5504a2dc25f
[INFO] running `Command { std: "docker" "start" "-a" "fe9430d07eab36d9e8dd14aaf6415b698a6a14c6f2ae7952e69cc5504a2dc25f", kill_on_drop: false }`
[INFO] running `Command { std: "docker" "inspect" "fe9430d07eab36d9e8dd14aaf6415b698a6a14c6f2ae7952e69cc5504a2dc25f", kill_on_drop: false }`
[INFO] running `Command { std: "docker" "rm" "-f" "fe9430d07eab36d9e8dd14aaf6415b698a6a14c6f2ae7952e69cc5504a2dc25f", kill_on_drop: false }`
[INFO] [stdout] fe9430d07eab36d9e8dd14aaf6415b698a6a14c6f2ae7952e69cc5504a2dc25f
[INFO] running `Command { std: "docker" "create" "-v" "/var/lib/crater-agent-workspace/builds/worker-7-tc2/target:/opt/rustwide/target:rw,Z" "-v" "/var/lib/crater-agent-workspace/builds/worker-7-tc2/source:/opt/rustwide/workdir:ro,Z" "-v" "/var/lib/crater-agent-workspace/cargo-home:/opt/rustwide/cargo-home:ro,Z" "-v" "/var/lib/crater-agent-workspace/rustup-home:/opt/rustwide/rustup-home:ro,Z" "-e" "SOURCE_DIR=/opt/rustwide/workdir" "-e" "CARGO_TARGET_DIR=/opt/rustwide/target" "-e" "CARGO_INCREMENTAL=0" "-e" "RUST_BACKTRACE=full" "-e" "RUSTFLAGS=--cap-lints=forbid" "-e" "RUSTDOCFLAGS=--cap-lints=forbid" "-e" "CARGO_HOME=/opt/rustwide/cargo-home" "-e" "RUSTUP_HOME=/opt/rustwide/rustup-home" "-w" "/opt/rustwide/workdir" "-m" "1610612736" "--user" "0:0" "--network" "none" "ghcr.io/rust-lang/crates-build-env/linux@sha256:19e73879b68f455e41552ea35293514db52ea292d993f571636dbffedb77a1ee" "/opt/rustwide/cargo-home/bin/cargo" "+e6e4f7ed1589e03bc2f6c5931c1a72e7947e8682" "check" "--frozen" "--all" "--all-targets" "--message-format=json", kill_on_drop: false }`
[INFO] [stdout] 1106e9f737024f6f698f3e38d106640f6a1e25115b7e0de1b075722c952feeb1
[INFO] running `Command { std: "docker" "start" "-a" "1106e9f737024f6f698f3e38d106640f6a1e25115b7e0de1b075722c952feeb1", kill_on_drop: false }`
[INFO] [stderr]    Compiling libc v0.2.112
[INFO] [stderr]    Compiling memoffset v0.6.5
[INFO] [stderr]    Compiling syn v1.0.84
[INFO] [stderr]     Checking libloading v0.7.2
[INFO] [stderr]    Compiling pkg-config v0.3.24
[INFO] [stderr]    Compiling num-traits v0.2.14
[INFO] [stderr]     Checking smallvec v1.7.0
[INFO] [stderr]    Compiling ahash v0.7.6
[INFO] [stderr]    Compiling crossbeam-utils v0.8.5
[INFO] [stderr]    Compiling crossbeam-epoch v0.9.5
[INFO] [stderr]    Compiling indexmap v1.7.0
[INFO] [stderr]    Compiling quote v1.0.14
[INFO] [stderr]    Compiling rayon-core v1.9.1
[INFO] [stderr]    Compiling nom v7.1.0
[INFO] [stderr]     Checking ttf-parser v0.13.4
[INFO] [stderr]    Compiling futures-core v0.3.19
[INFO] [stderr]     Checking dlib v0.5.0
[INFO] [stderr]     Checking bit-set v0.5.2
[INFO] [stderr]     Checking codespan-reporting v0.11.1
[INFO] [stderr]    Compiling wayland-scanner v0.29.1
[INFO] [stderr]     Checking raw-window-handle v0.4.2
[INFO] [stderr]    Compiling rayon v1.5.1
[INFO] [stderr]    Compiling futures-channel v0.3.19
[INFO] [stderr]     Checking ab_glyph_rasterizer v0.1.5
[INFO] [stderr]     Checking ppv-lite86 v0.2.15
[INFO] [stderr]    Compiling wgpu-core v0.12.0
[INFO] [stderr]     Checking gpu-alloc v0.5.2
[INFO] [stderr]     Checking ash v0.33.3+1.2.191
[INFO] [stderr]     Checking either v1.6.1
[INFO] [stderr]     Checking futures-sink v0.3.19
[INFO] [stderr]     Checking crossbeam-channel v0.5.1
[INFO] [stderr]     Checking profiling v1.0.4
[INFO] [stderr]    Compiling wayland-sys v0.29.1
[INFO] [stderr]     Checking inplace_it v0.3.3
[INFO] [stderr]    Compiling smithay-client-toolkit v0.15.3
[INFO] [stderr]    Compiling x11-dl v2.19.1
[INFO] [stderr]     Checking static_assertions v1.1.0
[INFO] [stderr]     Checking crossbeam-deque v0.8.1
[INFO] [stderr]     Checking pin-project-lite v0.2.7
[INFO] [stderr]     Checking xi-unicode v0.3.0
[INFO] [stderr]    Compiling winit v0.26.0
[INFO] [stderr]     Checking regex-syntax v0.6.25
[INFO] [stderr]    Compiling nanoserde-derive v0.1.18
[INFO] [stderr]     Checking fps_counter v2.0.0
[INFO] [stderr]     Checking spirv v0.2.0+1.5.4
[INFO] [stderr]     Checking approx v0.5.0
[INFO] [stderr]     Checking ordered-float v2.8.0
[INFO] [stderr]    Compiling wayland-client v0.29.1
[INFO] [stderr]    Compiling wayland-protocols v0.29.1
[INFO] [stderr]     Checking nanoserde v0.1.29
[INFO] [stderr]     Checking owned_ttf_parser v0.13.2
[INFO] [stderr]     Checking regex v1.5.4
[INFO] [stderr]     Checking ab_glyph v0.2.12
[INFO] [stderr]     Checking getrandom v0.2.3
[INFO] [stderr]     Checking nix v0.22.0
[INFO] [stderr]     Checking parking_lot_core v0.8.5
[INFO] [stderr]     Checking num_cpus v1.13.1
[INFO] [stderr]     Checking khronos-egl v4.1.0
[INFO] [stderr]     Checking memmap2 v0.3.1
[INFO] [stderr]     Checking mio v0.8.0
[INFO] [stderr]     Checking atty v0.2.14
[INFO] [stderr]     Checking rand_core v0.6.3
[INFO] [stderr]     Checking glyph_brush_layout v0.2.3
[INFO] [stderr]     Checking parking_lot v0.11.2
[INFO] [stderr]     Checking nix v0.23.1
[INFO] [stderr]     Checking rand_chacha v0.3.1
[INFO] [stderr]     Checking hashbrown v0.11.2
[INFO] [stderr]     Checking rand v0.8.4
[INFO] [stderr]     Checking xcursor v0.3.4
[INFO] [stderr]     Checking gpu-descriptor v0.2.2
[INFO] [stderr]     Checking env_logger v0.9.0
[INFO] [stderr]     Checking twox-hash v1.6.2
[INFO] [stderr]    Compiling thiserror-impl v1.0.30
[INFO] [stderr]    Compiling bytemuck_derive v1.0.1
[INFO] [stderr]    Compiling futures-macro v0.3.19
[INFO] [stderr]     Checking glyph_brush_draw_cache v0.1.5
[INFO] [stderr]     Checking glyph_brush v0.7.3
[INFO] [stderr]     Checking bytemuck v1.7.3
[INFO] [stderr]     Checking safe_arch v0.5.2
[INFO] [stderr]     Checking wayland-commons v0.29.1
[INFO] [stderr]     Checking calloop v0.9.3
[INFO] [stderr]     Checking futures-util v0.3.19
[INFO] [stderr]     Checking wide v0.6.5
[INFO] [stderr]     Checking thiserror v1.0.30
[INFO] [stderr]     Checking naga v0.8.0
[INFO] [stderr]     Checking ctrlc v3.2.1
[INFO] [stderr]     Checking wayland-cursor v0.29.1
[INFO] [stderr]     Checking ultraviolet v0.8.1
[INFO] [stderr]     Checking futures-executor v0.3.19
[INFO] [stderr]     Checking futures v0.3.19
[INFO] [stderr]     Checking wgpu-hal v0.12.0
[INFO] [stderr]     Checking wgpu v0.12.0
[INFO] [stderr]     Checking wgpu_glyph v0.16.0
[INFO] [stderr]     Checking Freen v0.3.0 (/opt/rustwide/workdir)
[INFO] [stdout] error[E0432]: unresolved import `winit::platform::windows`
[INFO] [stdout]  --> src/screens/screen.rs:8:23
[INFO] [stdout]   |
[INFO] [stdout] 8 | use winit::{platform::windows::EventLoopExtWindows, dpi::PhysicalPosition};
[INFO] [stdout]   |                       ^^^^^^^ could not find `windows` in `platform`
[INFO] [stdout] 
[INFO] [stdout] 
[INFO] [stdout] error[E0432]: unresolved import `winit::platform::windows`
[INFO] [stdout]  --> src/screens/screen.rs:8:23
[INFO] [stdout]   |
[INFO] [stdout] 8 | use winit::{platform::windows::EventLoopExtWindows, dpi::PhysicalPosition};
[INFO] [stdout]   |                       ^^^^^^^ could not find `windows` in `platform`
[INFO] [stdout] 
[INFO] [stdout] 
[INFO] [stdout] error[E0599]: no function or associated item named `new_any_thread` found for struct `winit::event_loop::EventLoop<_>` in the current scope
[INFO] [stdout]    --> src/screens/screen.rs:127:46
[INFO] [stdout]     |
[INFO] [stdout] 127 |         let event_loop: EventLoop<()> = EventLoop::new_any_thread();
[INFO] [stdout]     |                                                    ^^^^^^^^^^^^^^ function or associated item not found in `EventLoop<_>`
[INFO] [stdout]     |
[INFO] [stdout]     = help: items from traits can only be used if the trait is in scope
[INFO] [stdout] help: the following trait is implemented but not in scope; perhaps add a `use` for it:
[INFO] [stdout]     |
[INFO] [stdout] 2   + use winit::platform::unix::EventLoopExtUnix;
[INFO] [stdout]     |
[INFO] [stdout] 
[INFO] [stdout] 
[INFO] [stdout] error[E0599]: no function or associated item named `new_any_thread` found for struct `winit::event_loop::EventLoop<_>` in the current scope
[INFO] [stdout]    --> src/screens/screen.rs:127:46
[INFO] [stdout]     |
[INFO] [stdout] 127 |         let event_loop: EventLoop<()> = EventLoop::new_any_thread();
[INFO] [stdout]     |                                                    ^^^^^^^^^^^^^^ function or associated item not found in `EventLoop<_>`
[INFO] [stdout]     |
[INFO] [stdout]     = help: items from traits can only be used if the trait is in scope
[INFO] [stdout] help: the following trait is implemented but not in scope; perhaps add a `use` for it:
[INFO] [stdout]     |
[INFO] [stdout] 2   + use winit::platform::unix::EventLoopExtUnix;
[INFO] [stdout]     |
[INFO] [stdout] 
[INFO] [stdout] 
[INFO] [stdout] error: aborting due to 2 previous errors
[INFO] [stdout] 
[INFO] [stdout] 
[INFO] [stdout] Some errors have detailed explanations: E0432, E0599.
[INFO] [stdout] 
[INFO] [stdout] For more information about an error, try `rustc --explain E0432`.
[INFO] [stdout] 
[INFO] [stdout] error: aborting due to 2 previous errors
[INFO] [stdout] 
[INFO] [stdout] 
[INFO] [stdout] Some errors have detailed explanations: E0432, E0599.
[INFO] [stdout] 
[INFO] [stdout] For more information about an error, try `rustc --explain E0432`.
[INFO] [stdout] 
[INFO] [stderr] error: could not compile `Freen` (lib) due to 3 previous errors
[INFO] [stderr] warning: build failed, waiting for other jobs to finish...
[INFO] [stderr] error: could not compile `Freen` (lib test) due to 3 previous errors
[INFO] running `Command { std: "docker" "inspect" "1106e9f737024f6f698f3e38d106640f6a1e25115b7e0de1b075722c952feeb1", kill_on_drop: false }`
[INFO] running `Command { std: "docker" "rm" "-f" "1106e9f737024f6f698f3e38d106640f6a1e25115b7e0de1b075722c952feeb1", kill_on_drop: false }`
[INFO] [stdout] 1106e9f737024f6f698f3e38d106640f6a1e25115b7e0de1b075722c952feeb1
